{"id":1385,"date":"2025-06-03T09:08:34","date_gmt":"2025-06-03T13:08:34","guid":{"rendered":"http:\/\/eba.com.bo\/?page_id=1385"},"modified":"2025-09-17T14:28:15","modified_gmt":"2025-09-17T18:28:15","slug":"rpc-2021-inicial-y-final-2-4","status":"publish","type":"page","link":"https:\/\/eba.com.bo\/index.php\/rpc-2021-inicial-y-final-2-4\/","title":{"rendered":"RPC 2024 &#8211; Inicial y Final"},"content":{"rendered":"\n<h2 class=\"wp-block-heading\">RENDICI\u00d3N DE CUENTAS P\u00daBLICA INICIAL 2024<\/h2>\n\n\n\n<div class=\"wp-block-stackable-columns stk-block-columns stk-block stk-351c699\" data-block-id=\"351c699\"><div class=\"stk-row stk-inner-blocks stk-block-content stk-content-align stk-351c699-column\">\n<div class=\"wp-block-stackable-column stk-block-column stk-column stk-block stk-259891e\" data-v=\"4\" data-block-id=\"259891e\"><style>@media screen and (min-width:690px){.stk-259891e {flex:var(--stk-flex-grow, 1) 1 calc(15% - var(--stk-column-gap, 0px) * 2 \/ 3 ) !important;}}<\/style><div class=\"stk-column-wrapper stk-block-column__content stk-container stk-259891e-container stk--no-background stk--no-padding\"><div class=\"stk-block-content stk-inner-blocks stk-259891e-inner-blocks\"><\/div><\/div><\/div>\n\n\n\n<div class=\"wp-block-stackable-column stk-block-column stk-column stk-block stk-c079ab7\" data-v=\"4\" data-block-id=\"c079ab7\"><style>@media screen and (min-width:690px){.stk-c079ab7 {flex:var(--stk-flex-grow, 1) 1 calc(70% - var(--stk-column-gap, 0px) * 2 \/ 3 ) !important;}}<\/style><div class=\"stk-column-wrapper stk-block-column__content stk-container stk-c079ab7-container stk--no-background stk--no-padding\"><div class=\"stk-block-content stk-inner-blocks stk-c079ab7-inner-blocks\">\n<div\n    class='wp-block-pdfp-pdf-poster  alignnone'\n    id='block-1'\n    data-attributes='{&quot;file&quot;:&quot;http:\\\/\\\/eba.com.bo\\\/wp-content\\\/uploads\\\/2025\\\/06\\\/RPC-INICIAL-2024.pdf&quot;,&quot;fullscreenButtonText&quot;:&quot;Pantalla Completa&quot;,&quot;btnStyles&quot;:{&quot;background&quot;:&quot;#2271b1&quot;,&quot;color&quot;:&quot;#fff&quot;,&quot;fontSize&quot;:&quot;16px&quot;,&quot;padding&quot;:{&quot;top&quot;:10,&quot;right&quot;:20,&quot;bottom&quot;:10,&quot;left&quot;:10}},&quot;align&quot;:&quot;none&quot;,&quot;alignment&quot;:&quot;left&quot;,&quot;title&quot;:&quot;&quot;,&quot;titleFontSize&quot;:&quot;16px&quot;,&quot;height&quot;:{&quot;desktop&quot;:&quot;840px&quot;,&quot;tablet&quot;:&quot;700px&quot;,&quot;mobile&quot;:&quot;400px&quot;},&quot;width&quot;:{&quot;desktop&quot;:&quot;100%&quot;,&quot;tablet&quot;:&quot;100%&quot;,&quot;mobile&quot;:&quot;100%&quot;},&quot;showName&quot;:false,&quot;print&quot;:false,&quot;onlyPDF&quot;:false,&quot;defaultBrowser&quot;:false,&quot;downloadButton&quot;:false,&quot;downloadButtonText&quot;:&quot;Download File&quot;,&quot;fullscreenButton&quot;:true,&quot;actionsPosition&quot;:&quot;top&quot;,&quot;newWindow&quot;:false,&quot;protect&quot;:false,&quot;thumbMenu&quot;:false,&quot;sidebarOpen&quot;:false,&quot;initialPage&quot;:0,&quot;alert&quot;:false,&quot;lastVersion&quot;:false,&quot;hrScroll&quot;:false,&quot;isHideRightToolbar&quot;:false,&quot;additional&quot;:{&quot;ID&quot;:&quot;&quot;,&quot;Class&quot;:&quot;&quot;,&quot;CSS&quot;:&quot;&quot;},&quot;adobeEmbedder&quot;:false,&quot;adobeOptions&quot;:{&quot;showDownloadPDF&quot;:true,&quot;showPrintPDF&quot;:true,&quot;showAnnotationTools&quot;:true,&quot;showFullScreen&quot;:false,&quot;embedMode&quot;:&quot;SIZED_CONTAINER&quot;},&quot;popupOptions&quot;:{&quot;enabled&quot;:false,&quot;triggerType&quot;:&quot;button&quot;,&quot;image&quot;:&quot;&quot;,&quot;imagePdfIcon&quot;:true,&quot;imageHeight&quot;:&quot;200px&quot;,&quot;imageWidth&quot;:&quot;300px&quot;,&quot;text&quot;:&quot;Open PDF&quot;,&quot;btnStyle&quot;:{&quot;background&quot;:&quot;#2271b1&quot;,&quot;color&quot;:&quot;#fff&quot;,&quot;fontSize&quot;:&quot;16px&quot;,&quot;padding&quot;:{&quot;top&quot;:10,&quot;right&quot;:20,&quot;bottom&quot;:10,&quot;left&quot;:10}}},&quot;popupBtnStyle&quot;:{&quot;background&quot;:&quot;#2271b1&quot;,&quot;color&quot;:&quot;#fff&quot;,&quot;padding&quot;:{&quot;top&quot;:10,&quot;right&quot;:20,&quot;bottom&quot;:10,&quot;left&quot;:10}},&quot;popupBtnText&quot;:&quot;Open Document&quot;,&quot;CSS&quot;:&quot;&quot;,&quot;socialShare&quot;:{&quot;enabled&quot;:false,&quot;facebook&quot;:true,&quot;twitter&quot;:true,&quot;linkedin&quot;:true,&quot;pinterest&quot;:true,&quot;position&quot;:&quot;top&quot;},&quot;isPremium&quot;:false}'\n    style=\"text-align: left\">\n    \n        <iframe loading=\"lazy\" title=\"\" style=\"border:0;\" width=\"100%\" height=\"800px\" class=\"pdfp_unsupported_frame\" src=\"\/\/docs.google.com\/gview?embedded=true&#038;url=http:\/\/eba.com.bo\/wp-content\/uploads\/2025\/06\/RPC-INICIAL-2024.pdf\"><\/iframe>\n\n    <\/div>\n<\/div><\/div><\/div>\n\n\n\n<div class=\"wp-block-stackable-column stk-block-column stk-column stk-block stk-2513161\" data-v=\"4\" data-block-id=\"2513161\"><style>@media screen and (min-width:690px){.stk-2513161 {flex:var(--stk-flex-grow, 1) 1 calc(15% - var(--stk-column-gap, 0px) * 2 \/ 3 ) !important;}}<\/style><div class=\"stk-column-wrapper stk-block-column__content stk-container stk-2513161-container stk--no-background stk--no-padding\"><div class=\"stk-block-content stk-inner-blocks stk-2513161-inner-blocks\"><\/div><\/div><\/div>\n<\/div><\/div>\n\n\n\n<div\n    class='wp-block-pdfp-pdf-poster  alignnone'\n    id='block-2'\n    data-attributes='{&quot;file&quot;:&quot;http:\\\/\\\/eba.com.bo\\\/wp-content\\\/uploads\\\/2025\\\/09\\\/5-11.2-RENDICION-CUENTAS-INICIAL-2024_compressed.pdf&quot;,&quot;fullscreenButtonText&quot;:&quot;Pantalla Completa&quot;,&quot;btnStyles&quot;:{&quot;background&quot;:&quot;#2271b1&quot;,&quot;color&quot;:&quot;#fff&quot;,&quot;fontSize&quot;:&quot;16px&quot;,&quot;padding&quot;:{&quot;top&quot;:10,&quot;right&quot;:20,&quot;bottom&quot;:10,&quot;left&quot;:10}},&quot;align&quot;:&quot;none&quot;,&quot;alignment&quot;:&quot;left&quot;,&quot;title&quot;:&quot;&quot;,&quot;titleFontSize&quot;:&quot;16px&quot;,&quot;height&quot;:{&quot;desktop&quot;:&quot;840px&quot;,&quot;tablet&quot;:&quot;700px&quot;,&quot;mobile&quot;:&quot;400px&quot;},&quot;width&quot;:{&quot;desktop&quot;:&quot;100%&quot;,&quot;tablet&quot;:&quot;100%&quot;,&quot;mobile&quot;:&quot;100%&quot;},&quot;showName&quot;:false,&quot;print&quot;:false,&quot;onlyPDF&quot;:false,&quot;defaultBrowser&quot;:false,&quot;downloadButton&quot;:false,&quot;downloadButtonText&quot;:&quot;Download File&quot;,&quot;fullscreenButton&quot;:true,&quot;actionsPosition&quot;:&quot;top&quot;,&quot;newWindow&quot;:false,&quot;protect&quot;:false,&quot;thumbMenu&quot;:false,&quot;sidebarOpen&quot;:false,&quot;initialPage&quot;:0,&quot;alert&quot;:false,&quot;lastVersion&quot;:false,&quot;hrScroll&quot;:false,&quot;isHideRightToolbar&quot;:false,&quot;additional&quot;:{&quot;ID&quot;:&quot;&quot;,&quot;Class&quot;:&quot;&quot;,&quot;CSS&quot;:&quot;&quot;},&quot;adobeEmbedder&quot;:false,&quot;adobeOptions&quot;:{&quot;showDownloadPDF&quot;:true,&quot;showPrintPDF&quot;:true,&quot;showAnnotationTools&quot;:true,&quot;showFullScreen&quot;:false,&quot;embedMode&quot;:&quot;SIZED_CONTAINER&quot;},&quot;popupOptions&quot;:{&quot;enabled&quot;:false,&quot;triggerType&quot;:&quot;button&quot;,&quot;image&quot;:&quot;&quot;,&quot;imagePdfIcon&quot;:true,&quot;imageHeight&quot;:&quot;200px&quot;,&quot;imageWidth&quot;:&quot;300px&quot;,&quot;text&quot;:&quot;Open PDF&quot;,&quot;btnStyle&quot;:{&quot;background&quot;:&quot;#2271b1&quot;,&quot;color&quot;:&quot;#fff&quot;,&quot;fontSize&quot;:&quot;16px&quot;,&quot;padding&quot;:{&quot;top&quot;:10,&quot;right&quot;:20,&quot;bottom&quot;:10,&quot;left&quot;:10}}},&quot;popupBtnStyle&quot;:{&quot;background&quot;:&quot;#2271b1&quot;,&quot;color&quot;:&quot;#fff&quot;,&quot;padding&quot;:{&quot;top&quot;:10,&quot;right&quot;:20,&quot;bottom&quot;:10,&quot;left&quot;:10}},&quot;popupBtnText&quot;:&quot;Open Document&quot;,&quot;CSS&quot;:&quot;&quot;,&quot;socialShare&quot;:{&quot;enabled&quot;:false,&quot;facebook&quot;:true,&quot;twitter&quot;:true,&quot;linkedin&quot;:true,&quot;pinterest&quot;:true,&quot;position&quot;:&quot;top&quot;},&quot;isPremium&quot;:false}'\n    style=\"text-align: left\">\n    \n        <iframe loading=\"lazy\" title=\"\" style=\"border:0;\" width=\"100%\" height=\"800px\" class=\"pdfp_unsupported_frame\" src=\"\/\/docs.google.com\/gview?embedded=true&#038;url=http:\/\/eba.com.bo\/wp-content\/uploads\/2025\/09\/5-11.2-RENDICION-CUENTAS-INICIAL-2024_compressed.pdf\"><\/iframe>\n\n    <\/div>\n\n\n\n<h2 class=\"wp-block-heading\">RENDICI\u00d3N DE CUENTAS P\u00daBLICA FINAL 2024<\/h2>\n\n\n\n<div class=\"wp-block-stackable-columns stk-block-columns stk-block stk-5fa60c1\" data-block-id=\"5fa60c1\"><div class=\"stk-row stk-inner-blocks stk-block-content stk-content-align stk-5fa60c1-column\">\n<div class=\"wp-block-stackable-column stk-block-column stk-column stk-block stk-2e4a9f1\" data-v=\"4\" data-block-id=\"2e4a9f1\"><style>@media screen and (min-width:690px){.stk-2e4a9f1 {flex:var(--stk-flex-grow, 1) 1 calc(15% - var(--stk-column-gap, 0px) * 2 \/ 3 ) !important;}}<\/style><div class=\"stk-column-wrapper stk-block-column__content stk-container stk-2e4a9f1-container stk--no-background stk--no-padding\"><div class=\"stk-block-content stk-inner-blocks stk-2e4a9f1-inner-blocks\"><\/div><\/div><\/div>\n\n\n\n<div class=\"wp-block-stackable-column stk-block-column stk-column stk-block stk-76b6efe\" data-v=\"4\" data-block-id=\"76b6efe\"><style>@media screen and (min-width:690px){.stk-76b6efe {flex:var(--stk-flex-grow, 1) 1 calc(70% - var(--stk-column-gap, 0px) * 2 \/ 3 ) !important;}}<\/style><div class=\"stk-column-wrapper stk-block-column__content stk-container stk-76b6efe-container stk--no-background stk--no-padding\"><div class=\"stk-block-content stk-inner-blocks stk-76b6efe-inner-blocks\">\n<div\n    class='wp-block-pdfp-pdf-poster  alignnone'\n    id='block-3'\n    data-attributes='{&quot;file&quot;:&quot;http:\\\/\\\/eba.com.bo\\\/wp-content\\\/uploads\\\/2025\\\/06\\\/RPC-FINAL-2024-1.pdf&quot;,&quot;fullscreenButtonText&quot;:&quot;Pantalla Completa&quot;,&quot;btnStyles&quot;:{&quot;background&quot;:&quot;#2271b1&quot;,&quot;color&quot;:&quot;#fff&quot;,&quot;fontSize&quot;:&quot;16px&quot;,&quot;padding&quot;:{&quot;top&quot;:10,&quot;right&quot;:20,&quot;bottom&quot;:10,&quot;left&quot;:10}},&quot;align&quot;:&quot;none&quot;,&quot;alignment&quot;:&quot;left&quot;,&quot;title&quot;:&quot;&quot;,&quot;titleFontSize&quot;:&quot;16px&quot;,&quot;height&quot;:{&quot;desktop&quot;:&quot;840px&quot;,&quot;tablet&quot;:&quot;700px&quot;,&quot;mobile&quot;:&quot;400px&quot;},&quot;width&quot;:{&quot;desktop&quot;:&quot;100%&quot;,&quot;tablet&quot;:&quot;100%&quot;,&quot;mobile&quot;:&quot;100%&quot;},&quot;showName&quot;:false,&quot;print&quot;:false,&quot;onlyPDF&quot;:false,&quot;defaultBrowser&quot;:false,&quot;downloadButton&quot;:false,&quot;downloadButtonText&quot;:&quot;Download File&quot;,&quot;fullscreenButton&quot;:true,&quot;actionsPosition&quot;:&quot;top&quot;,&quot;newWindow&quot;:false,&quot;protect&quot;:false,&quot;thumbMenu&quot;:false,&quot;sidebarOpen&quot;:false,&quot;initialPage&quot;:0,&quot;alert&quot;:false,&quot;lastVersion&quot;:false,&quot;hrScroll&quot;:false,&quot;isHideRightToolbar&quot;:false,&quot;additional&quot;:{&quot;ID&quot;:&quot;&quot;,&quot;Class&quot;:&quot;&quot;,&quot;CSS&quot;:&quot;&quot;},&quot;adobeEmbedder&quot;:false,&quot;adobeOptions&quot;:{&quot;showDownloadPDF&quot;:true,&quot;showPrintPDF&quot;:true,&quot;showAnnotationTools&quot;:true,&quot;showFullScreen&quot;:false,&quot;embedMode&quot;:&quot;SIZED_CONTAINER&quot;},&quot;popupOptions&quot;:{&quot;enabled&quot;:false,&quot;triggerType&quot;:&quot;button&quot;,&quot;image&quot;:&quot;&quot;,&quot;imagePdfIcon&quot;:true,&quot;imageHeight&quot;:&quot;200px&quot;,&quot;imageWidth&quot;:&quot;300px&quot;,&quot;text&quot;:&quot;Open PDF&quot;,&quot;btnStyle&quot;:{&quot;background&quot;:&quot;#2271b1&quot;,&quot;color&quot;:&quot;#fff&quot;,&quot;fontSize&quot;:&quot;16px&quot;,&quot;padding&quot;:{&quot;top&quot;:10,&quot;right&quot;:20,&quot;bottom&quot;:10,&quot;left&quot;:10}}},&quot;popupBtnStyle&quot;:{&quot;background&quot;:&quot;#2271b1&quot;,&quot;color&quot;:&quot;#fff&quot;,&quot;padding&quot;:{&quot;top&quot;:10,&quot;right&quot;:20,&quot;bottom&quot;:10,&quot;left&quot;:10}},&quot;popupBtnText&quot;:&quot;Open Document&quot;,&quot;CSS&quot;:&quot;&quot;,&quot;socialShare&quot;:{&quot;enabled&quot;:false,&quot;facebook&quot;:true,&quot;twitter&quot;:true,&quot;linkedin&quot;:true,&quot;pinterest&quot;:true,&quot;position&quot;:&quot;top&quot;},&quot;isPremium&quot;:false}'\n    style=\"text-align: left\">\n    \n        <iframe loading=\"lazy\" title=\"\" style=\"border:0;\" width=\"100%\" height=\"800px\" class=\"pdfp_unsupported_frame\" src=\"\/\/docs.google.com\/gview?embedded=true&#038;url=http:\/\/eba.com.bo\/wp-content\/uploads\/2025\/06\/RPC-FINAL-2024-1.pdf\"><\/iframe>\n\n    <\/div>\n\n\n\n<div style=\"height:100px\" aria-hidden=\"true\" class=\"wp-block-spacer\"><\/div>\n<\/div><\/div><\/div>\n\n\n\n<div class=\"wp-block-stackable-column stk-block-column stk-column stk-block stk-97b90a2\" data-v=\"4\" data-block-id=\"97b90a2\"><style>@media screen and (min-width:690px){.stk-97b90a2 {flex:var(--stk-flex-grow, 1) 1 calc(15% - var(--stk-column-gap, 0px) * 2 \/ 3 ) !important;}}<\/style><div class=\"stk-column-wrapper stk-block-column__content stk-container stk-97b90a2-container stk--no-background stk--no-padding\"><div class=\"stk-block-content stk-inner-blocks stk-97b90a2-inner-blocks\"><\/div><\/div><\/div>\n<\/div><\/div>\n\n\n\n<div\n    class='wp-block-pdfp-pdf-poster  alignnone'\n    id='block-4'\n    data-attributes='{&quot;file&quot;:&quot;http:\\\/\\\/eba.com.bo\\\/wp-content\\\/uploads\\\/2025\\\/06\\\/RPC-FINAL-2024-2.pdf&quot;,&quot;fullscreenButtonText&quot;:&quot;Pantalla Completa&quot;,&quot;btnStyles&quot;:{&quot;background&quot;:&quot;#2271b1&quot;,&quot;color&quot;:&quot;#fff&quot;,&quot;fontSize&quot;:&quot;16px&quot;,&quot;padding&quot;:{&quot;top&quot;:10,&quot;right&quot;:20,&quot;bottom&quot;:10,&quot;left&quot;:10}},&quot;align&quot;:&quot;none&quot;,&quot;alignment&quot;:&quot;left&quot;,&quot;title&quot;:&quot;&quot;,&quot;titleFontSize&quot;:&quot;16px&quot;,&quot;height&quot;:{&quot;desktop&quot;:&quot;840px&quot;,&quot;tablet&quot;:&quot;700px&quot;,&quot;mobile&quot;:&quot;400px&quot;},&quot;width&quot;:{&quot;desktop&quot;:&quot;100%&quot;,&quot;tablet&quot;:&quot;100%&quot;,&quot;mobile&quot;:&quot;100%&quot;},&quot;showName&quot;:false,&quot;print&quot;:false,&quot;onlyPDF&quot;:false,&quot;defaultBrowser&quot;:false,&quot;downloadButton&quot;:false,&quot;downloadButtonText&quot;:&quot;Download File&quot;,&quot;fullscreenButton&quot;:true,&quot;actionsPosition&quot;:&quot;top&quot;,&quot;newWindow&quot;:false,&quot;protect&quot;:false,&quot;thumbMenu&quot;:false,&quot;sidebarOpen&quot;:false,&quot;initialPage&quot;:0,&quot;alert&quot;:false,&quot;lastVersion&quot;:false,&quot;hrScroll&quot;:false,&quot;isHideRightToolbar&quot;:false,&quot;additional&quot;:{&quot;ID&quot;:&quot;&quot;,&quot;Class&quot;:&quot;&quot;,&quot;CSS&quot;:&quot;&quot;},&quot;adobeEmbedder&quot;:false,&quot;adobeOptions&quot;:{&quot;showDownloadPDF&quot;:true,&quot;showPrintPDF&quot;:true,&quot;showAnnotationTools&quot;:true,&quot;showFullScreen&quot;:false,&quot;embedMode&quot;:&quot;SIZED_CONTAINER&quot;},&quot;popupOptions&quot;:{&quot;enabled&quot;:false,&quot;triggerType&quot;:&quot;button&quot;,&quot;image&quot;:&quot;&quot;,&quot;imagePdfIcon&quot;:true,&quot;imageHeight&quot;:&quot;200px&quot;,&quot;imageWidth&quot;:&quot;300px&quot;,&quot;text&quot;:&quot;Open PDF&quot;,&quot;btnStyle&quot;:{&quot;background&quot;:&quot;#2271b1&quot;,&quot;color&quot;:&quot;#fff&quot;,&quot;fontSize&quot;:&quot;16px&quot;,&quot;padding&quot;:{&quot;top&quot;:10,&quot;right&quot;:20,&quot;bottom&quot;:10,&quot;left&quot;:10}}},&quot;popupBtnStyle&quot;:{&quot;background&quot;:&quot;#2271b1&quot;,&quot;color&quot;:&quot;#fff&quot;,&quot;padding&quot;:{&quot;top&quot;:10,&quot;right&quot;:20,&quot;bottom&quot;:10,&quot;left&quot;:10}},&quot;popupBtnText&quot;:&quot;Open Document&quot;,&quot;CSS&quot;:&quot;&quot;,&quot;socialShare&quot;:{&quot;enabled&quot;:false,&quot;facebook&quot;:true,&quot;twitter&quot;:true,&quot;linkedin&quot;:true,&quot;pinterest&quot;:true,&quot;position&quot;:&quot;top&quot;},&quot;isPremium&quot;:false}'\n    style=\"text-align: left\">\n    \n        <iframe loading=\"lazy\" title=\"\" style=\"border:0;\" width=\"100%\" height=\"800px\" class=\"pdfp_unsupported_frame\" src=\"\/\/docs.google.com\/gview?embedded=true&#038;url=http:\/\/eba.com.bo\/wp-content\/uploads\/2025\/06\/RPC-FINAL-2024-2.pdf\"><\/iframe>\n\n    <\/div>\n","protected":false},"excerpt":{"rendered":"<p>RENDICI\u00d3N DE CUENTAS P\u00daBLICA INICIAL 2024 RENDICI\u00d3N DE CUENTAS P\u00daBLICA FINAL 2024<\/p>\n","protected":false},"author":1,"featured_media":0,"parent":0,"menu_order":0,"comment_status":"closed","ping_status":"closed","template":"","meta":{"_crdt_document":"","footnotes":""},"class_list":["post-1385","page","type-page","status-publish","hentry"],"blocksy_meta":[],"yoast_head":"<!-- This site is optimized with the Yoast SEO plugin v27.3 - https:\/\/yoast.com\/product\/yoast-seo-wordpress\/ -->\n<title>RPC 2024 - Inicial y Final - Pagina WEB de la EBA<\/title>\n<meta name=\"robots\" content=\"index, follow, max-snippet:-1, max-image-preview:large, max-video-preview:-1\" \/>\n<link rel=\"canonical\" href=\"https:\/\/eba.com.bo\/index.php\/rpc-2021-inicial-y-final-2-4\/\" \/>\n<meta property=\"og:locale\" content=\"es_MX\" \/>\n<meta property=\"og:type\" content=\"article\" \/>\n<meta property=\"og:title\" content=\"RPC 2024 - Inicial y Final - Pagina WEB de la EBA\" \/>\n<meta property=\"og:description\" content=\"RENDICI\u00d3N DE CUENTAS P\u00daBLICA INICIAL 2024 RENDICI\u00d3N DE CUENTAS P\u00daBLICA FINAL 2024\" \/>\n<meta property=\"og:url\" content=\"https:\/\/eba.com.bo\/index.php\/rpc-2021-inicial-y-final-2-4\/\" \/>\n<meta property=\"og:site_name\" content=\"Pagina WEB de la EBA\" \/>\n<meta property=\"article:publisher\" content=\"https:\/\/www.facebook.com\/EmpresaBolivianadeAlimentos?locale=es_LA\" \/>\n<meta property=\"article:modified_time\" content=\"2025-09-17T18:28:15+00:00\" \/>\n<meta name=\"twitter:card\" content=\"summary_large_image\" \/>\n<meta name=\"twitter:site\" content=\"@ebabolivia\" \/>\n<script type=\"application\/ld+json\" class=\"yoast-schema-graph\">{\"@context\":\"https:\\\/\\\/schema.org\",\"@graph\":[{\"@type\":\"WebPage\",\"@id\":\"https:\\\/\\\/eba.com.bo\\\/index.php\\\/rpc-2021-inicial-y-final-2-4\\\/\",\"url\":\"https:\\\/\\\/eba.com.bo\\\/index.php\\\/rpc-2021-inicial-y-final-2-4\\\/\",\"name\":\"RPC 2024 - Inicial y Final - Pagina WEB de la EBA\",\"isPartOf\":{\"@id\":\"https:\\\/\\\/eba.com.bo\\\/#website\"},\"datePublished\":\"2025-06-03T13:08:34+00:00\",\"dateModified\":\"2025-09-17T18:28:15+00:00\",\"breadcrumb\":{\"@id\":\"https:\\\/\\\/eba.com.bo\\\/index.php\\\/rpc-2021-inicial-y-final-2-4\\\/#breadcrumb\"},\"inLanguage\":\"es\",\"potentialAction\":[{\"@type\":\"ReadAction\",\"target\":[\"https:\\\/\\\/eba.com.bo\\\/index.php\\\/rpc-2021-inicial-y-final-2-4\\\/\"]}]},{\"@type\":\"BreadcrumbList\",\"@id\":\"https:\\\/\\\/eba.com.bo\\\/index.php\\\/rpc-2021-inicial-y-final-2-4\\\/#breadcrumb\",\"itemListElement\":[{\"@type\":\"ListItem\",\"position\":1,\"name\":\"Inicio\",\"item\":\"https:\\\/\\\/eba.com.bo\\\/\"},{\"@type\":\"ListItem\",\"position\":2,\"name\":\"RPC 2024 &#8211; Inicial y Final\"}]},{\"@type\":\"WebSite\",\"@id\":\"https:\\\/\\\/eba.com.bo\\\/#website\",\"url\":\"https:\\\/\\\/eba.com.bo\\\/\",\"name\":\"Pagina WEB de la EBA\",\"description\":\"Empresa de Alimentos\",\"publisher\":{\"@id\":\"https:\\\/\\\/eba.com.bo\\\/#organization\"},\"potentialAction\":[{\"@type\":\"SearchAction\",\"target\":{\"@type\":\"EntryPoint\",\"urlTemplate\":\"https:\\\/\\\/eba.com.bo\\\/?s={search_term_string}\"},\"query-input\":{\"@type\":\"PropertyValueSpecification\",\"valueRequired\":true,\"valueName\":\"search_term_string\"}}],\"inLanguage\":\"es\"},{\"@type\":\"Organization\",\"@id\":\"https:\\\/\\\/eba.com.bo\\\/#organization\",\"name\":\"Pagina WEB de la EBA\",\"url\":\"https:\\\/\\\/eba.com.bo\\\/\",\"logo\":{\"@type\":\"ImageObject\",\"inLanguage\":\"es\",\"@id\":\"https:\\\/\\\/eba.com.bo\\\/#\\\/schema\\\/logo\\\/image\\\/\",\"url\":\"https:\\\/\\\/eba.com.bo\\\/wp-content\\\/uploads\\\/2026\\\/04\\\/logotipo-eba-02.png\",\"contentUrl\":\"https:\\\/\\\/eba.com.bo\\\/wp-content\\\/uploads\\\/2026\\\/04\\\/logotipo-eba-02.png\",\"width\":1063,\"height\":511,\"caption\":\"Pagina WEB de la EBA\"},\"image\":{\"@id\":\"https:\\\/\\\/eba.com.bo\\\/#\\\/schema\\\/logo\\\/image\\\/\"},\"sameAs\":[\"https:\\\/\\\/www.facebook.com\\\/EmpresaBolivianadeAlimentos?locale=es_LA\",\"https:\\\/\\\/x.com\\\/ebabolivia\"]}]}<\/script>\n<!-- \/ Yoast SEO plugin. -->","yoast_head_json":{"title":"RPC 2024 - Inicial y Final - Pagina WEB de la EBA","robots":{"index":"index","follow":"follow","max-snippet":"max-snippet:-1","max-image-preview":"max-image-preview:large","max-video-preview":"max-video-preview:-1"},"canonical":"https:\/\/eba.com.bo\/index.php\/rpc-2021-inicial-y-final-2-4\/","og_locale":"es_MX","og_type":"article","og_title":"RPC 2024 - Inicial y Final - Pagina WEB de la EBA","og_description":"RENDICI\u00d3N DE CUENTAS P\u00daBLICA INICIAL 2024 RENDICI\u00d3N DE CUENTAS P\u00daBLICA FINAL 2024","og_url":"https:\/\/eba.com.bo\/index.php\/rpc-2021-inicial-y-final-2-4\/","og_site_name":"Pagina WEB de la EBA","article_publisher":"https:\/\/www.facebook.com\/EmpresaBolivianadeAlimentos?locale=es_LA","article_modified_time":"2025-09-17T18:28:15+00:00","twitter_card":"summary_large_image","twitter_site":"@ebabolivia","schema":{"@context":"https:\/\/schema.org","@graph":[{"@type":"WebPage","@id":"https:\/\/eba.com.bo\/index.php\/rpc-2021-inicial-y-final-2-4\/","url":"https:\/\/eba.com.bo\/index.php\/rpc-2021-inicial-y-final-2-4\/","name":"RPC 2024 - Inicial y Final - Pagina WEB de la EBA","isPartOf":{"@id":"https:\/\/eba.com.bo\/#website"},"datePublished":"2025-06-03T13:08:34+00:00","dateModified":"2025-09-17T18:28:15+00:00","breadcrumb":{"@id":"https:\/\/eba.com.bo\/index.php\/rpc-2021-inicial-y-final-2-4\/#breadcrumb"},"inLanguage":"es","potentialAction":[{"@type":"ReadAction","target":["https:\/\/eba.com.bo\/index.php\/rpc-2021-inicial-y-final-2-4\/"]}]},{"@type":"BreadcrumbList","@id":"https:\/\/eba.com.bo\/index.php\/rpc-2021-inicial-y-final-2-4\/#breadcrumb","itemListElement":[{"@type":"ListItem","position":1,"name":"Inicio","item":"https:\/\/eba.com.bo\/"},{"@type":"ListItem","position":2,"name":"RPC 2024 &#8211; Inicial y Final"}]},{"@type":"WebSite","@id":"https:\/\/eba.com.bo\/#website","url":"https:\/\/eba.com.bo\/","name":"Pagina WEB de la EBA","description":"Empresa de Alimentos","publisher":{"@id":"https:\/\/eba.com.bo\/#organization"},"potentialAction":[{"@type":"SearchAction","target":{"@type":"EntryPoint","urlTemplate":"https:\/\/eba.com.bo\/?s={search_term_string}"},"query-input":{"@type":"PropertyValueSpecification","valueRequired":true,"valueName":"search_term_string"}}],"inLanguage":"es"},{"@type":"Organization","@id":"https:\/\/eba.com.bo\/#organization","name":"Pagina WEB de la EBA","url":"https:\/\/eba.com.bo\/","logo":{"@type":"ImageObject","inLanguage":"es","@id":"https:\/\/eba.com.bo\/#\/schema\/logo\/image\/","url":"https:\/\/eba.com.bo\/wp-content\/uploads\/2026\/04\/logotipo-eba-02.png","contentUrl":"https:\/\/eba.com.bo\/wp-content\/uploads\/2026\/04\/logotipo-eba-02.png","width":1063,"height":511,"caption":"Pagina WEB de la EBA"},"image":{"@id":"https:\/\/eba.com.bo\/#\/schema\/logo\/image\/"},"sameAs":["https:\/\/www.facebook.com\/EmpresaBolivianadeAlimentos?locale=es_LA","https:\/\/x.com\/ebabolivia"]}]}},"_links":{"self":[{"href":"https:\/\/eba.com.bo\/index.php\/wp-json\/wp\/v2\/pages\/1385","targetHints":{"allow":["GET"]}}],"collection":[{"href":"https:\/\/eba.com.bo\/index.php\/wp-json\/wp\/v2\/pages"}],"about":[{"href":"https:\/\/eba.com.bo\/index.php\/wp-json\/wp\/v2\/types\/page"}],"author":[{"embeddable":true,"href":"https:\/\/eba.com.bo\/index.php\/wp-json\/wp\/v2\/users\/1"}],"replies":[{"embeddable":true,"href":"https:\/\/eba.com.bo\/index.php\/wp-json\/wp\/v2\/comments?post=1385"}],"version-history":[{"count":9,"href":"https:\/\/eba.com.bo\/index.php\/wp-json\/wp\/v2\/pages\/1385\/revisions"}],"predecessor-version":[{"id":2035,"href":"https:\/\/eba.com.bo\/index.php\/wp-json\/wp\/v2\/pages\/1385\/revisions\/2035"}],"wp:attachment":[{"href":"https:\/\/eba.com.bo\/index.php\/wp-json\/wp\/v2\/media?parent=1385"}],"curies":[{"name":"wp","href":"https:\/\/api.w.org\/{rel}","templated":true}]}}